522 - -3?
525
In base 6, what is -3 + 2432?
2425
In base 14, what is 4 - 24b?
-247
In base 15, what is 1d + -4e?
-31
In base 12, what is 17a - -5?
183
In base 4, what is -220 - 33?
-313
In base 7, what is -2 + 3112?
3110
In base 7, what is 1152 + 0?
1152
In base 3, what is 100 - -12011002?
12011102
In base 3, what is 10202 - -12?
10221
In base 13, what is 1 - 14b4?
-14b3
In base 11, what is -14 - -26?
12
In base 5, what is -22022 - 2?
-22024
In base 13, what is 3b - -185?
1c3
In base 3, what is 2 + -112?
-110
In base 10, what is 12 + -3?
9
In base 4, what is 1332 - 1?
1331
In base 15, what is 2c - -87?
b4
In base 9, what is 40 - -23?
63
In base 14, what is -29 + 90?
65
In base 10, what is -4 - 86?
-90
In base 13, what is 5 - 210?
-208
In base 4, what is 110 + 12310?
13020
In base 14, what is 0 - -a1?
a1
In base 15, what is 1 + ad?
ae
In base 14, what is 2 + -41?
-3d
In base 14, what is 5 + 11?
16
In base 7, what is 23 + -166?
-143
In base 11, what is -4 + -39?
-42
In base 14, what is 9a - -5?
a1
In base 13, what is -369 + -5?
-371
In base 8, what is -232 - -4?
-226
In base 15, what is -64 - 5?
-69
In base 5, what is -23 - -310?
232
In base 10, what is -382 + -2?
-384
In base 3, what is -221220011 - 0?
-221220011
In base 12, what is -3 + 272a?
2727
In base 9, what is -6336 + 2?
-6334
In base 8, what is 41 - -51?
112
In base 5, what is -3 - -14214?
14211
In base 15, what is -1620 - 2?
-1622
In base 5, what is 1 + 1321?
1322
In base 5, what is -20 + -14?
-34
In base 9, what is 6 + -108?
-102
In base 6, what is 2 + -13505?
-13503
In base 5, what is -3 - -13?
10
In base 15, what is 18b - -3?
18e
In base 6, what is -124 - 103?
-231
In base 14, what is 5 + 58?
5d
In base 5, what is 310231 - -10?
310241
In base 3, what is 11 - -111?
122
In base 12, what is -237 + -4?
-23b
In base 2, what is 10 + 10001010?
10001100
In base 11, what is -314 + 2?
-312
In base 5, what is 1100422 - 1?
1100421
In base 4, what is 1003 - 0?
1003
In base 8, what is -5 + 15?
10
In base 4, what is -100 - -123?
23
In base 5, what is 12400 + -20?
12330
In base 12, what is -87 - 3?
-8a
In base 8, what is 217 - 3?
214
In base 15, what is -13 + 98?
85
In base 15, what is 19 + -21b?
-202
In base 14, what is -21 + -4?
-25
In base 6, what is 3 + 124?
131
In base 15, what is -15c + 1?
-15b
In base 5, what is 213 + 1?
214
In base 7, what is -5 - 1511?
-1516
In base 14, what is -41d - 13?
-432
In base 16, what is a + 18?
22
In base 6, what is 4344 - 0?
4344
In base 5, what is -2 + -42?
-44
In base 15, what is 5 - -10d?
113
In base 5, what is -344 - 22?
-421
In base 7, what is -4 - -140?
133
In base 8, what is -550 - 1?
-551
In base 15, what is -7 + 92?
8a
In base 16, what is 2 + ed?
ef
In base 5, what is 32 + 301?
333
In base 8, what is -5 - 40?
-45
In base 16, what is a - -6?
10
In base 3, what is 2012 - -11100?
20112
In base 6, what is 121 - 1?
120
In base 13, what is 20 + 29?
49
In base 2, what is 1011 + 111110?
1001001
In base 3, what is -101110120 - -10?
-101110110
In base 15, what is 1c - -229?
246
In base 15, what is -35 + 2?
-33
In base 8, what is -3 + -427?
-432
In base 13, what is 14 + 21?
35
In base 11, what is 5 + 145?
14a
In base 4, what is 201 - 1003?
-202
In base 5, what is -12 + -30?
-42
In base 6, what is 2 + 101?
103
In base 3, what is 11002 - 12?
10220
In base 2, what is -100 - -100001010?
100000110
In base 11, what is 220 - 5?
216
In base 10, what is -4 - 82?
-86
In base 16, what is 3 + -34c?
-349
In base 5, what is -24 + -31?
-110
In base 12, what is -5 + -2?
-7
In base 13, what is -19 - a?
-26
In base 7, what is 3 - -36?
42
In base 14, what is -36 - 21?
-57
In base 11, what is -341 - 1?
-342
In base 7, what is 5 - -4450?
4455
In base 8, what is 120 - 16?
102
In base 14, what is -2 - -22?
20
In base 2, what is 1110110101001 - -101?
1110110101110
In base 3, what is 12 - -1001?
1020
In base 5, what is 2 + -132?
-130
In base 11, what is 4913 - 5?
4909
In base 5, what is 10 + -403?
-343
In base 13, what is -43b - 1c?
-45a
In base 11, what is 4 - 631?
-628
In base 9, what is -4 - 175?
-180
In base 13, what is 7c + 1?
80
In base 9, what is 0 + -207?
-207
In base 13, what is 4 + -86b?
-867
In base 11, what is -36 - -2a?
-7
In base 11, what is 3 - 1071?
-1069
In base 13, what is -1a - -56?
39
In base 12, what is 1141 - 3?
113a
In base 5, what is -101 + -22221?
-22322
In base 12, what is -130 - 0?
-130
In base 13, what is -22 + -1?
-23
In base 2, what is 1110010101 + 100?
1110011001
In base 13, what is 20 + -13?
a
In base 4, what is 1212 + -10?
1202
In base 14, what is -6 - -2?
-4
In base 10, what is 6 + -1756?
-1750
In base 10, what is 109 + -5?
104
In base 5, what is -2 - 34?
-41
In base 9, what is 5576 - 3?
5573
In base 14, what is 0 - -32?
32
In base 13, what is -49 - 9c?
-118
In base 5, what is 1 - 3244?
-3243
In base 16, what is -5a4 - -2?
-5a2
In base 4, what is 2332 + 2?
3000
In base 7, what is 16 - 44?
-25
In base 5, what is -40 - -20?
-20
In base 9, what is -4 + 265?
261
In base 7, what is -24443 - -2?
-24441
In base 2, what is -1011 - 100001?
-101100
In base 14, what is 7 - -8?
11
In base 15, what is -2 - 149?
-14b
In base 6, what is -2 - 121?
-123
In base 4, what is 10 - -2?
12
In base 7, what is -1 + 2106?
2105
In base 4, what is 0 - 10000?
-10000
In base 2, what is 100011 + 1101010?
10001101
In base 10, what is 20292 - -3?
20295
In base 8, what is 16 + -20?
-2
In base 9, what is 0 - -466?
466
In base 7, what is -262 + -11?
-303
In base 9, what is -805 - -5?
-800
In base 4, what is -30113 + 22?
-30031
In base 5, what is -14 - -3142?
3123
In base 6, what is -30 - -103?
33
In base 3, what is -12 + -120?
-202
In base 2, what is 10 - 110000?
-101110
In base 10, what is 7498 - -1?
7499
In base 6, what is 3 - -114?
121
In base 10, what is -47 + -5?
-52
In base 14, what is -4 - b?
-11
In base 10, what is 608 + 10?
618
In base 13, what is 5a + -1?
59
In base 3, what is -12 + 12110?
12021
In base 9, what is 867 + -4?
863
In base 14, what is 5 - -3b?
42
In base 14, what is -180 - 3?
-183
In base 16, what is 24 - 2e?
-a
In base 12, what is 14 - -8a?
a2
In base 11, what is -2 - -2a3?
2a1
In base 12, what is 969 + -5?
964
In base 7, what is -41135 + 3?
-41132
In base 9, what is -22 + -8?
-31
In base 8, what is 72 - -107?
201
In base 4, what is -300 - -1332?
1032
In base 10, what is 317 - 3?
314
In base 5, what is -11 - 441?
-1002
In base 10, what is 30 + 9?
39
In base 6, what is 0 + -101?
-101
In base 2, what is 100011101 + -1010?
100010011
In base 3, what is -2210 - -2222?
12
In base 10, what is -4 - 251?
-255
In base 7, what is 104 - 543?
-436
In base 3, what is -10 + -11101?
-11111
In base 9, what is -4 - -448?
444
In base 12, what is 1062 - -3?
1065
In base 6, what is -151015 - 4?
-151023
In base 5, what is 30 - 2?
23
In base 13, what is -a4c + 3?
-a49
In base 5, what is 23202 - -2?
23204
In base 14, what is 7d - -5?
84
In base 15, what is -17 - 1a?
-32
In base 15, what is b0 + -d?
a2
In base 4, what is -1231 - 320?
-2211
In base 14, what is 3 + 15b?
160
In base 6, what is 15 + 32?
51
In base 13, what is 12 + -51?
-3c
In base 11, what is 5 + 4382?
4387
In base 3, what is 11 + 10211?
10222
In base 14, what is 3 - d3?
-d0
In base 15, what is 2 + c9?
cb
In base 15, what is 14 + 2d?
42
In base 10, what is 0 + 1?
1
In base 13, what is 99c - -2?
9a1
In base 6, what is 11 - -2425?
2440
In base 11, what is -7a - 21a?
-299
In base 5, what is 3402 + 102?
4004
In base 16, what is -6 - -22b?
225
In base 7, what is -6662 - -4?
-6655
In base 12, what is 57b - -2?
581
In base 4, what is -11 - -1223?
1212
In base 9, what is 2678 + 1?
2680
In base 12, what is 10 + 41?
51
In base 2, what is -11101000001010 - 101?
-11101000001111
In base 8, what is -15 - 107?
-124
In base 15, what is -1 - -28a?
289
In base 6, what is 1000 + -1?
555
In base 8, what is 4 + -1002?
-776
In base 2, what is 101 - -1001110110000?
1001110110101
In base 9, what is -6 - -126?
120
In base 13, what is 4259 - 3?
4256
In base 7, what is 3 + 6216?
6222
In base 14, what is -1 + 21?
20
In base 14, what is -1c06 - 5?
-1c0b
In base 12, what is 2 + 11a?
120
In base 3, what is 0 + 2001?
2001
In base 6, what is -3421 - 4?
-3425
In base 10, what is 211 - -18?
229
In base 15, what is 5 - 9bb?
-9b6
In base 9, what is -53 + -13?
